{"id":26885,"date":"2017-06-13T14:09:40","date_gmt":"2017-06-13T14:09:40","guid":{"rendered":"https:\/\/www.virtasenmaalitehdas.fi\/?post_type=product&#038;p=26885"},"modified":"2025-06-17T09:11:07","modified_gmt":"2025-06-17T09:11:07","slug":"torkare-for-oljefarger","status":"publish","type":"product","link":"https:\/\/www.virtasenmaalitehdas.fi\/sv\/produkt\/torkare-for-oljefarger\/","title":{"rendered":"Virtasen Torkare f\u00f6r Oljef\u00e4rger"},"content":{"rendered":"<section class=\"align wp-block-text\">\n    <div class=\"wrap wrap-small\">\n        <h2\n    class=\"title title-medium color-black \"\n>\n    F\u00f6rkortar torktiden f\u00f6r oljef\u00e4rger\n<\/h2>\n    <div class=\"text theme-black\">\n        <p>Virtasen Torkare \u00e4r ett hj\u00e4lpmedel som f\u00f6rkortar torktiden f\u00f6r oljef\u00e4rger. Anv\u00e4nds f\u00f6r att f\u00f6rkorta torktiden i m\u00f6rka eller andra f\u00f6rh\u00e5llanden d\u00e4r normal torktid inte n\u00e5s. Den \u00e4r on\u00f6dig under normala utomhusf\u00f6rh\u00e5llanden.<\/p>\n\n    <\/div>\n    <\/div>\n<\/section>\n","protected":false},"featured_media":26360,"parent":0,"template":"","product_group":[86],"product_usage":[],"product_shine":[],"product_surface":[],"class_list":["post-26885","product","type-product","status-publish","has-post-thumbnail","hentry","product_group-andra"],"acf":[],"yoast_head":"<!-- This site is optimized with the Yoast SEO Premium plugin v25.8 (Yoast SEO v27.5) - https:\/\/yoast.com\/product\/yoast-seo-premium-wordpress\/ -->\n<title>Virtasen Torkare f\u00f6r Oljef\u00e4rger - Virtasen Maalitehdas<\/title>\n<meta name=\"description\" content=\"Virtasen Torkare \u00e4r ett hj\u00e4lpmedel som f\u00f6rkortar torktiden f\u00f6r oljef\u00e4rger. Anv\u00e4nds f\u00f6r att f\u00f6rkorta torktiden, till exempel i m\u00f6rker.\" \/>\n<meta name=\"robots\" content=\"index, follow, max-snippet:-1, max-image-preview:large, max-video-preview:-1\" \/>\n<link rel=\"canonical\" href=\"https:\/\/www.virtasenmaalitehdas.fi\/sv\/produkt\/torkare-for-oljefarger\/\" \/>\n<meta property=\"og:locale\" content=\"sv_SE\" \/>\n<meta property=\"og:type\" content=\"article\" \/>\n<meta property=\"og:title\" content=\"Virtasen Torkare f\u00f6r Oljef\u00e4rger\" \/>\n<meta property=\"og:description\" content=\"Virtasen Torkare \u00e4r ett hj\u00e4lpmedel som f\u00f6rkortar torktiden f\u00f6r oljef\u00e4rger. Anv\u00e4nds f\u00f6r att f\u00f6rkorta torktiden, till exempel i m\u00f6rker.\" \/>\n<meta property=\"og:url\" content=\"https:\/\/www.virtasenmaalitehdas.fi\/sv\/produkt\/torkare-for-oljefarger\/\" \/>\n<meta property=\"og:site_name\" content=\"Virtasen Maalitehdas\" \/>\n<meta property=\"article:modified_time\" content=\"2025-06-17T09:11:07+00:00\" \/>\n<meta property=\"og:image\" content=\"https:\/\/www.virtasenmaalitehdas.fi\/app\/uploads\/2025\/01\/Virtasen-Kuivike_1.0-L_700px_sx.png\" \/>\n\t<meta property=\"og:image:width\" content=\"700\" \/>\n\t<meta property=\"og:image:height\" content=\"700\" \/>\n\t<meta property=\"og:image:type\" content=\"image\/png\" \/>\n<meta name=\"twitter:card\" content=\"summary_large_image\" \/>\n<meta name=\"twitter:label1\" content=\"Est. reading time\" \/>\n\t<meta name=\"twitter:data1\" content=\"1 minute\" \/>\n<script type=\"application\/ld+json\" class=\"yoast-schema-graph\">{\"@context\":\"https:\\\/\\\/schema.org\",\"@graph\":[{\"@type\":\"WebPage\",\"@id\":\"https:\\\/\\\/www.virtasenmaalitehdas.fi\\\/sv\\\/produkt\\\/torkare-for-oljefarger\\\/\",\"url\":\"https:\\\/\\\/www.virtasenmaalitehdas.fi\\\/sv\\\/produkt\\\/torkare-for-oljefarger\\\/\",\"name\":\"Virtasen Torkare f\u00f6r Oljef\u00e4rger - Virtasen Maalitehdas\",\"isPartOf\":{\"@id\":\"https:\\\/\\\/www.virtasenmaalitehdas.fi\\\/sv\\\/#website\"},\"primaryImageOfPage\":{\"@id\":\"https:\\\/\\\/www.virtasenmaalitehdas.fi\\\/sv\\\/produkt\\\/torkare-for-oljefarger\\\/#primaryimage\"},\"image\":{\"@id\":\"https:\\\/\\\/www.virtasenmaalitehdas.fi\\\/sv\\\/produkt\\\/torkare-for-oljefarger\\\/#primaryimage\"},\"thumbnailUrl\":\"https:\\\/\\\/www.virtasenmaalitehdas.fi\\\/app\\\/uploads\\\/2025\\\/01\\\/Virtasen-Kuivike_1.0-L_700px_sx.png\",\"datePublished\":\"2017-06-13T14:09:40+00:00\",\"dateModified\":\"2025-06-17T09:11:07+00:00\",\"description\":\"Virtasen Torkare \u00e4r ett hj\u00e4lpmedel som f\u00f6rkortar torktiden f\u00f6r oljef\u00e4rger. Anv\u00e4nds f\u00f6r att f\u00f6rkorta torktiden, till exempel i m\u00f6rker.\",\"breadcrumb\":{\"@id\":\"https:\\\/\\\/www.virtasenmaalitehdas.fi\\\/sv\\\/produkt\\\/torkare-for-oljefarger\\\/#breadcrumb\"},\"inLanguage\":\"sv-SE\",\"potentialAction\":[{\"@type\":\"ReadAction\",\"target\":[\"https:\\\/\\\/www.virtasenmaalitehdas.fi\\\/sv\\\/produkt\\\/torkare-for-oljefarger\\\/\"]}]},{\"@type\":\"ImageObject\",\"inLanguage\":\"sv-SE\",\"@id\":\"https:\\\/\\\/www.virtasenmaalitehdas.fi\\\/sv\\\/produkt\\\/torkare-for-oljefarger\\\/#primaryimage\",\"url\":\"https:\\\/\\\/www.virtasenmaalitehdas.fi\\\/app\\\/uploads\\\/2025\\\/01\\\/Virtasen-Kuivike_1.0-L_700px_sx.png\",\"contentUrl\":\"https:\\\/\\\/www.virtasenmaalitehdas.fi\\\/app\\\/uploads\\\/2025\\\/01\\\/Virtasen-Kuivike_1.0-L_700px_sx.png\",\"width\":700,\"height\":700},{\"@type\":\"BreadcrumbList\",\"@id\":\"https:\\\/\\\/www.virtasenmaalitehdas.fi\\\/sv\\\/produkt\\\/torkare-for-oljefarger\\\/#breadcrumb\",\"itemListElement\":[{\"@type\":\"ListItem\",\"position\":1,\"name\":\"Home\",\"item\":\"https:\\\/\\\/www.virtasenmaalitehdas.fi\\\/sv\\\/\"},{\"@type\":\"ListItem\",\"position\":2,\"name\":\"Virtasen Torkare f\u00f6r Oljef\u00e4rger\"}]},{\"@type\":\"WebSite\",\"@id\":\"https:\\\/\\\/www.virtasenmaalitehdas.fi\\\/sv\\\/#website\",\"url\":\"https:\\\/\\\/www.virtasenmaalitehdas.fi\\\/sv\\\/\",\"name\":\"Virtasen Maalitehdas\",\"description\":\"Luonnonmukaiset, hengitt\u00e4v\u00e4t maalimme suojelevat perhett\u00e4 ja puuta. Maali, joka kest\u00e4\u00e4 saariston karuissa ja kosteissa olosuhteissa, kest\u00e4\u00e4 miss\u00e4 vaan!\",\"potentialAction\":[{\"@type\":\"SearchAction\",\"target\":{\"@type\":\"EntryPoint\",\"urlTemplate\":\"https:\\\/\\\/www.virtasenmaalitehdas.fi\\\/sv\\\/?s={search_term_string}\"},\"query-input\":{\"@type\":\"PropertyValueSpecification\",\"valueRequired\":true,\"valueName\":\"search_term_string\"}}],\"inLanguage\":\"sv-SE\"}]}<\/script>\n<!-- \/ Yoast SEO Premium plugin. -->","yoast_head_json":{"title":"Virtasen Torkare f\u00f6r Oljef\u00e4rger - Virtasen Maalitehdas","description":"Virtasen Torkare \u00e4r ett hj\u00e4lpmedel som f\u00f6rkortar torktiden f\u00f6r oljef\u00e4rger. Anv\u00e4nds f\u00f6r att f\u00f6rkorta torktiden, till exempel i m\u00f6rker.","robots":{"index":"index","follow":"follow","max-snippet":"max-snippet:-1","max-image-preview":"max-image-preview:large","max-video-preview":"max-video-preview:-1"},"canonical":"https:\/\/www.virtasenmaalitehdas.fi\/sv\/produkt\/torkare-for-oljefarger\/","og_locale":"sv_SE","og_type":"article","og_title":"Virtasen Torkare f\u00f6r Oljef\u00e4rger","og_description":"Virtasen Torkare \u00e4r ett hj\u00e4lpmedel som f\u00f6rkortar torktiden f\u00f6r oljef\u00e4rger. Anv\u00e4nds f\u00f6r att f\u00f6rkorta torktiden, till exempel i m\u00f6rker.","og_url":"https:\/\/www.virtasenmaalitehdas.fi\/sv\/produkt\/torkare-for-oljefarger\/","og_site_name":"Virtasen Maalitehdas","article_modified_time":"2025-06-17T09:11:07+00:00","og_image":[{"width":700,"height":700,"url":"https:\/\/www.virtasenmaalitehdas.fi\/app\/uploads\/2025\/01\/Virtasen-Kuivike_1.0-L_700px_sx.png","type":"image\/png"}],"twitter_card":"summary_large_image","twitter_misc":{"Est. reading time":"1 minute"},"schema":{"@context":"https:\/\/schema.org","@graph":[{"@type":"WebPage","@id":"https:\/\/www.virtasenmaalitehdas.fi\/sv\/produkt\/torkare-for-oljefarger\/","url":"https:\/\/www.virtasenmaalitehdas.fi\/sv\/produkt\/torkare-for-oljefarger\/","name":"Virtasen Torkare f\u00f6r Oljef\u00e4rger - Virtasen Maalitehdas","isPartOf":{"@id":"https:\/\/www.virtasenmaalitehdas.fi\/sv\/#website"},"primaryImageOfPage":{"@id":"https:\/\/www.virtasenmaalitehdas.fi\/sv\/produkt\/torkare-for-oljefarger\/#primaryimage"},"image":{"@id":"https:\/\/www.virtasenmaalitehdas.fi\/sv\/produkt\/torkare-for-oljefarger\/#primaryimage"},"thumbnailUrl":"https:\/\/www.virtasenmaalitehdas.fi\/app\/uploads\/2025\/01\/Virtasen-Kuivike_1.0-L_700px_sx.png","datePublished":"2017-06-13T14:09:40+00:00","dateModified":"2025-06-17T09:11:07+00:00","description":"Virtasen Torkare \u00e4r ett hj\u00e4lpmedel som f\u00f6rkortar torktiden f\u00f6r oljef\u00e4rger. Anv\u00e4nds f\u00f6r att f\u00f6rkorta torktiden, till exempel i m\u00f6rker.","breadcrumb":{"@id":"https:\/\/www.virtasenmaalitehdas.fi\/sv\/produkt\/torkare-for-oljefarger\/#breadcrumb"},"inLanguage":"sv-SE","potentialAction":[{"@type":"ReadAction","target":["https:\/\/www.virtasenmaalitehdas.fi\/sv\/produkt\/torkare-for-oljefarger\/"]}]},{"@type":"ImageObject","inLanguage":"sv-SE","@id":"https:\/\/www.virtasenmaalitehdas.fi\/sv\/produkt\/torkare-for-oljefarger\/#primaryimage","url":"https:\/\/www.virtasenmaalitehdas.fi\/app\/uploads\/2025\/01\/Virtasen-Kuivike_1.0-L_700px_sx.png","contentUrl":"https:\/\/www.virtasenmaalitehdas.fi\/app\/uploads\/2025\/01\/Virtasen-Kuivike_1.0-L_700px_sx.png","width":700,"height":700},{"@type":"BreadcrumbList","@id":"https:\/\/www.virtasenmaalitehdas.fi\/sv\/produkt\/torkare-for-oljefarger\/#breadcrumb","itemListElement":[{"@type":"ListItem","position":1,"name":"Home","item":"https:\/\/www.virtasenmaalitehdas.fi\/sv\/"},{"@type":"ListItem","position":2,"name":"Virtasen Torkare f\u00f6r Oljef\u00e4rger"}]},{"@type":"WebSite","@id":"https:\/\/www.virtasenmaalitehdas.fi\/sv\/#website","url":"https:\/\/www.virtasenmaalitehdas.fi\/sv\/","name":"Virtasen Maalitehdas","description":"Luonnonmukaiset, hengitt\u00e4v\u00e4t maalimme suojelevat perhett\u00e4 ja puuta. Maali, joka kest\u00e4\u00e4 saariston karuissa ja kosteissa olosuhteissa, kest\u00e4\u00e4 miss\u00e4 vaan!","potentialAction":[{"@type":"SearchAction","target":{"@type":"EntryPoint","urlTemplate":"https:\/\/www.virtasenmaalitehdas.fi\/sv\/?s={search_term_string}"},"query-input":{"@type":"PropertyValueSpecification","valueRequired":true,"valueName":"search_term_string"}}],"inLanguage":"sv-SE"}]}},"_links":{"self":[{"href":"https:\/\/www.virtasenmaalitehdas.fi\/sv\/wp-json\/wp\/v2\/product\/26885","targetHints":{"allow":["GET"]}}],"collection":[{"href":"https:\/\/www.virtasenmaalitehdas.fi\/sv\/wp-json\/wp\/v2\/product"}],"about":[{"href":"https:\/\/www.virtasenmaalitehdas.fi\/sv\/wp-json\/wp\/v2\/types\/product"}],"wp:featuredmedia":[{"embeddable":true,"href":"https:\/\/www.virtasenmaalitehdas.fi\/sv\/wp-json\/wp\/v2\/media\/26360"}],"wp:attachment":[{"href":"https:\/\/www.virtasenmaalitehdas.fi\/sv\/wp-json\/wp\/v2\/media?parent=26885"}],"wp:term":[{"taxonomy":"product_group","embeddable":true,"href":"https:\/\/www.virtasenmaalitehdas.fi\/sv\/wp-json\/wp\/v2\/product_group?post=26885"},{"taxonomy":"product_usage","embeddable":true,"href":"https:\/\/www.virtasenmaalitehdas.fi\/sv\/wp-json\/wp\/v2\/product_usage?post=26885"},{"taxonomy":"product_shine","embeddable":true,"href":"https:\/\/www.virtasenmaalitehdas.fi\/sv\/wp-json\/wp\/v2\/product_shine?post=26885"},{"taxonomy":"product_surface","embeddable":true,"href":"https:\/\/www.virtasenmaalitehdas.fi\/sv\/wp-json\/wp\/v2\/product_surface?post=26885"}],"curies":[{"name":"wp","href":"https:\/\/api.w.org\/{rel}","templated":true}]}}

Virtasen Torkare för Oljefärger

<section class="align wp-block-text">
    <div class="wrap wrap-small">
        <h2
    class="title title-medium color-black "
>
    Förkortar torktiden för oljefärger
</h2>
    <div class="text theme-black">
        <p>Virtasen Torkare är ett hjälpmedel som förkortar torktiden för oljefärger. Används för att förkorta torktiden i mörka eller andra förhållanden där normal torktid inte nås. Den är onödig under normala utomhusförhållanden.</p>

    </div>
    </div>
</section>

<!-- This site is optimized with the Yoast SEO Premium plugin v25.8 (Yoast SEO v27.5) - https://yoast.com/product/yoast-seo-premium-wordpress/ -->
<title>Virtasen Torkare för Oljefärger - Virtasen Maalitehdas</title>
<meta name="description" content="Virtasen Torkare är ett hjälpmedel som förkortar torktiden för oljefärger. Används för att förkorta torktiden, till exempel i mörker." />
<meta name="robots" content="index, follow, max-snippet:-1, max-image-preview:large, max-video-preview:-1" />
<link rel="canonical" href="https://www.virtasenmaalitehdas.fi/sv/produkt/torkare-for-oljefarger/" />
<meta property="og:locale" content="sv_SE" />
<meta property="og:type" content="article" />
<meta property="og:title" content="Virtasen Torkare för Oljefärger" />
<meta property="og:description" content="Virtasen Torkare är ett hjälpmedel som förkortar torktiden för oljefärger. Används för att förkorta torktiden, till exempel i mörker." />
<meta property="og:url" content="https://www.virtasenmaalitehdas.fi/sv/produkt/torkare-for-oljefarger/" />
<meta property="og:site_name" content="Virtasen Maalitehdas" />
<meta property="article:modified_time" content="2025-06-17T09:11:07+00:00" />
<meta property="og:image" content="https://www.virtasenmaalitehdas.fi/app/uploads/2025/01/Virtasen-Kuivike_1.0-L_700px_sx.png" />
	<meta property="og:image:width" content="700" />
	<meta property="og:image:height" content="700" />
	<meta property="og:image:type" content="image/png" />
<meta name="twitter:card" content="summary_large_image" />
<meta name="twitter:label1" content="Est. reading time" />
	<meta name="twitter:data1" content="1 minute" />
<script type="application/ld+json" class="yoast-schema-graph">{"@context":"https:\/\/schema.org","@graph":[{"@type":"WebPage","@id":"https:\/\/www.virtasenmaalitehdas.fi\/sv\/produkt\/torkare-for-oljefarger\/","url":"https:\/\/www.virtasenmaalitehdas.fi\/sv\/produkt\/torkare-for-oljefarger\/","name":"Virtasen Torkare för Oljefärger - Virtasen Maalitehdas","isPartOf":{"@id":"https:\/\/www.virtasenmaalitehdas.fi\/sv\/#website"},"primaryImageOfPage":{"@id":"https:\/\/www.virtasenmaalitehdas.fi\/sv\/produkt\/torkare-for-oljefarger\/#primaryimage"},"image":{"@id":"https:\/\/www.virtasenmaalitehdas.fi\/sv\/produkt\/torkare-for-oljefarger\/#primaryimage"},"thumbnailUrl":"https:\/\/www.virtasenmaalitehdas.fi\/app\/uploads\/2025\/01\/Virtasen-Kuivike_1.0-L_700px_sx.png","datePublished":"2017-06-13T14:09:40+00:00","dateModified":"2025-06-17T09:11:07+00:00","description":"Virtasen Torkare är ett hjälpmedel som förkortar torktiden för oljefärger. Används för att förkorta torktiden, till exempel i mörker.","breadcrumb":{"@id":"https:\/\/www.virtasenmaalitehdas.fi\/sv\/produkt\/torkare-for-oljefarger\/#breadcrumb"},"inLanguage":"sv-SE","potentialAction":[{"@type":"ReadAction","target":["https:\/\/www.virtasenmaalitehdas.fi\/sv\/produkt\/torkare-for-oljefarger\/"]}]},{"@type":"ImageObject","inLanguage":"sv-SE","@id":"https:\/\/www.virtasenmaalitehdas.fi\/sv\/produkt\/torkare-for-oljefarger\/#primaryimage","url":"https:\/\/www.virtasenmaalitehdas.fi\/app\/uploads\/2025\/01\/Virtasen-Kuivike_1.0-L_700px_sx.png","contentUrl":"https:\/\/www.virtasenmaalitehdas.fi\/app\/uploads\/2025\/01\/Virtasen-Kuivike_1.0-L_700px_sx.png","width":700,"height":700},{"@type":"BreadcrumbList","@id":"https:\/\/www.virtasenmaalitehdas.fi\/sv\/produkt\/torkare-for-oljefarger\/#breadcrumb","itemListElement":[{"@type":"ListItem","position":1,"name":"Home","item":"https:\/\/www.virtasenmaalitehdas.fi\/sv\/"},{"@type":"ListItem","position":2,"name":"Virtasen Torkare för Oljefärger"}]},{"@type":"WebSite","@id":"https:\/\/www.virtasenmaalitehdas.fi\/sv\/#website","url":"https:\/\/www.virtasenmaalitehdas.fi\/sv\/","name":"Virtasen Maalitehdas","description":"Luonnonmukaiset, hengittävät maalimme suojelevat perhettä ja puuta. Maali, joka kestää saariston karuissa ja kosteissa olosuhteissa, kestää missä vaan!","potentialAction":[{"@type":"SearchAction","target":{"@type":"EntryPoint","urlTemplate":"https:\/\/www.virtasenmaalitehdas.fi\/sv\/?s={search_term_string}"},"query-input":{"@type":"PropertyValueSpecification","valueRequired":true,"valueName":"search_term_string"}}],"inLanguage":"sv-SE"}]}</script>
<!-- / Yoast SEO Premium plugin. -->

Virtasen Torkare för Oljefärger - Virtasen Maalitehdas

Virtasen Torkare är ett hjälpmedel som förkortar torktiden för oljefärger. Används för att förkorta torktiden, till exempel i mörker.

Luonnonmukaiset, hengittävät maalimme suojelevat perhettä ja puuta. Maali, joka kestää saariston karuissa ja kosteissa olosuhteissa, kestää missä vaan!
